- 45*l + 48 - 62*l + 19*l. Is c(-5) a composite number?
False
Let m = 454253 + -204880. Is m a prime number?
False
Suppose 0*z + 4*z - b = -85, b + 75 = -4*z. Let d = -1461 - -1470. Is d/((-135)/z) + 18106/6 prime?
True
Is (-1 - -1005183)*(-155)/(-310) prime?
True
Let b(y) = 31*y**2 - 7*y - 205. Is b(23) a prime number?
True
Let s = -11647 + 32508. Is s a prime number?
False
Let d(w) = -37*w**2 - 87*w + 27. Let l be d(-27). Is (2/6)/(-10 - 245979/l) composite?
False
Let i(j) = -7*j**2 - 1871 - 61*j**3 - 9*j - 1882 + 3753. Suppose -2*r - 4 = 2*g, 2*g + 3*r = -2*g - 8. Is i(g) a composite number?
True
Let w(y) = 114*y - 27. Let c be (26/117)/(1/9). Suppose -c*h - 21 = -5*h + 2*x, 4*h - 28 = -2*x. Is w(h) prime?
False
Let j = -630 - -1082. Let l = 3250 - j. Suppose 20*k = 22*k - l. Is k prime?
True
Let b be -9*3/(-18)*2. Suppose 2*m - 5*f + 15348 = 48839, b*m - 50226 = 4*f. Is m a composite number?
True
Let p = -3 - -9. Suppose -p*o + 1476 = -0*o. Suppose -211 = -2*c + 3*r, -2*c - 4*r + o = -0*r. Is c composite?
False
Let g(a) = 22*a**3 - 5*a**2 + 15. Suppose -22 = 5*u - 42. Is g(u) prime?
False
Is 156190/5*25/50 composite?
False
Let y(x) = 3*x**2 - 63*x + 5. Let n be y(21). Suppose -2*s = -0*i + n*i - 3346, 4*i = 5*s - 8299. Is s prime?
True
Suppose -2*x - 4*n = -81814, 169*x + 5*n = 173*x - 163628. Is x composite?
True
Let j(h) = 206*h - 861. Is j(9) a composite number?
True
Let d(p) = -6*p + 54. Let v be d(8). Suppose -3546 - 5676 = -v*r. Is r composite?
True
Suppose -8*i - 9 = -11*i. Let p(s) = 23 - 4*s**2 - 2*s**3 + 0*s**3 - 4*s + 3*s**2 + i*s**3. Is p(14) a composite number?
True
Let x = -48 + 52. Suppose 0*r + 3*r + l = 41, x*r + 3*l - 53 = 0. Is (4 - r/4)*(1 - -2797) a prime number?
True
Suppose -5*v + v + 3*c + 11 = 0, -c = -v + 2. Suppose v*x = -5*z - 3720, 3*z = -2*x + 4*x + 1468. Let d = x + 1327. Is d a composite number?
False
Suppose 0 = 11*l + 7*l - 149130. Is l a composite number?
True
Let w = -70877 - -239896. Is w composite?
False
Suppose 128609074 = 490*j + 132*j. Is j a composite number?
True
Suppose -2*c - 2*s - 2*s = 138, 4*c + 264 = -2*s. Let b = 68 + c. Suppose -b*j + 1897 = -1448. Is j a prime number?
False
Let d(c) = -2*c**2 - 10*c + 3. Let h be d(-5). Suppose h*z = 6*z - 4605. Is z prime?
False
Suppose -5*k = 2*p - 5 - 16, p - 2*k = 15. Let n = p - 38. Is (-14680)/n - 2/10 prime?
True
Let o = 1452 - 951. Suppose -o*h + 8285 = -496*h. Is h prime?
True
Let j(r) = 99*r**2 - 33*r + 25. Is j(4) a prime number?
False
Let s = -884 + 2566. Let x = s - -897. Is x a prime number?
True
Let l be (-8)/(35/(-20) + 2). Let f be (-13)/(-3) - l/48. Suppose i + 0*c = 2*c + 631, 5*i = f*c + 3160. Is i a prime number?
False
Let k(h) = 3*h**2 + 12*h - 10. Let q be k(-5). Suppose -q*x - 47 + 57 = 0. Suppose 500 = x*v - 1366. Is v a prime number?
False
Suppose i = 25*i - 329640. Suppose -i = -2*l + l + 4*k, -4*k = -5*l + 68739. Is l composite?
False
Suppose 0 = 544*z - 551*z + 20510. Is ((-324)/(-405))/(4/z) a composite number?
True
Let q = 367514 - 152665. Is q prime?
True
Let c be 7 + 41415/(-2) + 6/(-4). Let w = -14621 - c. Is w a prime number?
False
Suppose 9*a - 5*a = 0. Suppose 3*r - 9 = -a*r. Suppose f = 2*g + 249 + 1216, f - r*g - 1462 = 0. Is f composite?
False
Let s(d) = 455*d**2 - 13*d + 10. Let i be s(-6). Let p be (-3 - 2) + i/4. Suppose -15*w + 3598 = -p. Is w a composite number?
True
Suppose 5*q - 4*h = 9739, 0 = -84*q + 83*q - h + 1937. Is q a prime number?
False
Let k = -72 + 113. Suppose -k = -5*r - 16. Suppose 0 = -r*m + 11*m - 4782. Is m composite?
False
Let o(n) = -13285*n**2 + 20*n + 20. Let h(m) = 6643*m**2 - 11*m - 11. Let a(j) = -11*h(j) - 6*o(j). Is a(-1) a composite number?
False
Let n = 1562 - 2345. Let a = n + 2756. Is a prime?
True
Let w = -2047 + 4424. Suppose -u - 3*c + w = -c, -5*u = -c - 11863. Suppose 13*a - 7690 + u = 0. Is a prime?
True
Let v(y) = -4*y**3 + y**2 - 3366. Let k be v(0). Let f = -2327 - k. Is f prime?
True
Let s = -113 + 40. Let l = -76 - s. Let a(r) = -164*r + 35. Is a(l) a prime number?
False
Let n be -3*(-4)/12*-124. Let j = n + 893. Is j prime?
True
Let y = 254808 - 22475. Is y prime?
True
Let a be (38*6794)/4 - (0 + -3). Let h = a + -43573. Is h prime?
False
Let u(g) = 2*g**2 + 93*g - 27 - 114*g + 2*g**2. Is u(28) composite?
False
Let k(r) = 9340*r**2 + 36*r - 121. Is k(3) prime?
True
Suppose -1821635 = -29*g + 12266130. Is g a composite number?
True
Let o = 19937 - -1622. Is o a composite number?
False
Suppose -12*o = -4*o + 48. Is o/8 - 2/(16/(-11518)) a composite number?
False
Let j = 56651 + -26734. Is j prime?
True
Let o = -67410 - -134637. Is o composite?
True
Let v(d) = 14*d**2 - 22*d + 17. Suppose -3*a = -8*a + 40. Is v(a) a composite number?
True
Let j = 122 - 57. Suppose -j = -3*q - 56. Suppose 2*r - 4*r + 5*o + 1764 = 0, -5*r = -q*o - 4391. Is r composite?
False
Let q(t) = 16882*t + 1017. Is q(4) composite?
True
Suppose -23*t - t - 5544 = 20*t. Let l(u) = -59*u**3 - u**2 + 2*u - 1. Let b be l(2). Let k = t - b. Is k prime?
True
Suppose 0 = 33*w - 8074172 - 6997555. Is w composite?
True
Let a(s) = 9*s - 446. Let y be a(49). Is (-3)/(0 + -6)*(-41530)/y a prime number?
True
Is 4/22 - (-1)/(55/2216325) composite?
True
Suppose -5*f + f + 7353 = 3*x, -7350 = -3*x - 5*f. Suppose -5*t + j + x = 0, -t = -j - 501 + 10. Is t composite?
False
Let q be 560/(-100) + (-6)/(-10). Let f(x) = -x + 1. Let b(z) = -91*z - 12. Let k(s) = b(s) - 4*f(s). Is k(q) composite?
False
Let s(t) = -2*t**3 - 41*t**2 - 82*t - 32. Is s(-49) a prime number?
False
Let r = -6 - -32. Suppose -4*z + r = -4*n + 2*n, 5*n = -2*z - 5. Suppose -2422 - 13 = -z*o. Is o composite?
False
Is (-18360433)/(-364) + 2/8 prime?
True
Let t(i) = 3678*i**2 - 79*i - 27. Is t(-8) composite?
False
Let n be (-693)/(-14)*4/6. Let o = n + -30. Is (-12)/o - -701*1 a prime number?
False
Suppose y + 71232 = 2*l + 2*l, -2*y = -2*l + 35622. Is l prime?
True
Suppose 3*x = -442*d + 444*d + 357241, 3*d + 357237 = 3*x. Is x prime?
True
Suppose 10*x + 56 = 12*x. Let y be (-2)/7 - (-8)/x. Suppose -3*t - 6*q + q + 1196 = 0, -4*t + 4*q + 1584 = y. Is t a composite number?
False
Suppose -3*m + 41 = y - 2*y, 8 = -4*y. Let z = 224 - m. Is z a prime number?
True
Let h(j) be the second derivative of 121*j**5/5 + j**4/4 - j**2 + 63*j. Is h(1) composite?
True
Suppose 0 = -2*z - 2*d + 607578, 44*z - 41*z = -d + 911377. Is z a prime number?
False
Suppose -3*i = -4*m + 129281, -8148 = -3*m + 2*i + 88813. Suppose -10723 = 2*y - m. Is y a prime number?
True
Let b(u) = 10*u**2 + 12*u + 19. Let k(d) = 3*d**2 + 6*d + 2. Suppose 2*l + 5*v + 21 = 0, 6 + 9 = -l - 4*v. Let j be k(l). Is b(j) prime?
True
Suppose m = 3*d - 30146, m = 5*d - 39926 + 9780. Let x = m - -43795. Is x a prime number?
True
Let m(n) = -n**3 + 12*n**2 + 15*n - 32. Let k be m(13). Let f be (-100)/15*9/k. Is f*33 + (-2 - -1) prime?
False
Let n be 1/1 + 1510 + 20/10. Let c = -318 + n. Is c a composite number?
True
Suppose 0 = 5*z - 4*m - 366977, 0 = -5*z + m + 91447 + 275536. Is z composite?
True
Suppose 1067*l + 36 = 1059*l + 4. Let s be -3*1*(-2)/3. Is 3 + 122 + s + l prime?
False
Suppose -4*t + 5 = -27. Let r(v) = 23 + t - 39*v - 16*v - 4. Is r(-26) composite?
True
Let o be 1*(-6)/12 - (-9)/2. Let d(c) = -70*c + 38. Let q be d(-7). Suppose -630 = -4*g - g + t, o*g = -4*t + q. Is g a composite number?
False
Suppose 5*h = 3*h - 8. Let y(z) = 26 - 6*z - 19 + 3*z**2 + 0*z**2. Is y(h) composite?
False
Let b(x) = 4*x**2 - 3*x + 1. Let a be b(1). Suppose -4*y + 1266 = 2*p + 7554, 6288 = -a*p + 4*y. Let g = p + 4879. Is g a composite number?
True
Let v = -66 - -63. Let s(h) = -43*h + 22. Let d(q) = 44*q - 23. Let l(z) = v*d(z) - 2*s(z). Is l(-9) a composite number?
False
Suppose -40 = -2*i - 18*i. Suppose 4*o - 15*l + 10*l = 9291, -4*o + 9270 = i*l. Is o a prime number?
False
Let m = 792 - 190. Suppose -m*j = -606*j + 9628. Is j a prime number?
False
Let s(x) = x**3 - x**2 - 4*x - 2. Let t be s(-2). Is -7 - 1692*(t - 12) prime?
True
Let v be (-60 - -58)/(((-2)/(-4))/(-1)). Suppose -300 = -k - k + 2*z, v*k + 5*z - 564 = 0. Let h = 119 + k. Is h a prime number?
False
Is (-3)/(-2) + (-13)/((-234)/2719827) a composite number?
True
Suppose z - 2833 = 2*h - 981, 2*z + 4*h - 3712 = 0. Let s = -82 + 89. Suppos